ds digit of 455760588?
7
What is the hundred thousands digit of 134304937?
3
What is the tens digit of 9345027?
2
What is the billions digit of 1398785139?
1
What is the thousands digit of 5407747871?
7
What is the millions digit of 1816692044?
6
What is the thousands digit of 54398?
4
What is the units digit of 479448112?
2
What is the thousands digit of 1063939422?
9
What is the millions digit of 95318660?
5
What is the ten millions digit of 65043566?
6
What is the ten thousands digit of 221941985?
4
What is the millions digit of 1791123043?
1
What is the units digit of 117907363?
3
What is the tens digit of 241863410?
1
What is the tens digit of 7470177?
7
What is the ten millions digit of 98803963?
9
What is the tens digit of 615981472?
7
What is the hundred thousands digit of 6319462292?
4
What is the ten millions digit of 25015406?
2
What is the millions digit of 56929413?
6
What is the ten thousands digit of 1686568456?
6
What is the millions digit of 517772720?
7
What is the hundred thousands digit of 29261421?
2
What is the units digit of 108499835?
5
What is the hundred thousands digit of 2183582179?
5
What is the ten millions digit of 82832598?
8
What is the billions digit of 1689422666?
1
What is the ten thousands digit of 9420456957?
5
What is the thousands digit of 19358657?
8
What is the millions digit of 199397233?
9
What is the units digit of 4246438319?
9
What is the thousands digit of 2812934827?
4
What is the units digit of 553875322?
2
What is the units digit of 3846318419?
9
What is the hundreds digit of 96184355?
3
What is the millions digit of 143261182?
3
What is the ten millions digit of 23540818?
2
What is the ten millions digit of 731376579?
3
What is the ten millions digit of 76667976?
7
What is the hundred millions digit of 203680202?
2
What is the billions digit of 4628860900?
4
What is the ten thousands digit of 580637330?
3
What is the ten thousands digit of 68278871?
7
What is the tens digit of 126922?
2
What is the units digit of 168854941?
1
What is the thousands digit of 21548722?
8
What is the hundred millions digit of 3732968572?
7
What is the ten thousands digit of 56157926?
5
What is the thousands digit of 1028671629?
1
What is the thousands digit of 7340824?
0
What is the tens digit of 37809130?
3
What is the hundreds digit of 41261069?
0
What is the ten millions digit of 149509060?
4
What is the hundreds digit of 653838879?
8
What is the ten millions digit of 96551195?
9
What is the millions digit of 657427343?
7
What is the millions digit of 1113609671?
3
What is the hundred thousands digit of 53734494?
7
What is the tens digit of 2531014358?
5
What is the hundreds digit of 191054150?
1
What is the thousands digit of 80483111?
3
What is the thousands digit of 3362586?
2
What is the ten thousands digit of 985659442?
5
What is the ten millions digit of 40591314?
4
What is the tens digit of 3303840913?
1
What is the millions digit of 86148308?
6
What is the ten thousands digit of 446437219?
3
What is the units digit of 47717281?
1
What is the ten millions digit of 30053997?
3
What is the hundreds digit of 702756765?
7
What is the hundreds digit of 9061598?
5
What is the hundred thousands digit of 1939505214?
5
What is the hundred thousands digit of 220761826?
7
What is the hundred thousands digit of 145524656?
5
What is the ten thousands digit of 284717327?
1
What is the hundred thousands digit of 3724963535?
9
What is the ten thousands digit of 316228077?
2
What is the thousands digit of 1181753245?
3
What is the ten millions digit of 33437811?
3
What is the units digit of 2138439300?
0
What is the ten millions digit of 74501736?
7
What is the hundreds digit of 473068164?
1
What is the units digit of 188664807?
7
What is the units digit of 46730726?
6
What is the millions digit of 172816803?
2
What is the hundred thousands digit of 419434622?
4
What is the hundreds digit of 1917033599?
5
What is the units digit of 2127152686?
6
What is the hundreds digit of 1274919538?
5
What is the tens digit of 443208826?
2
What is the tens digit of 524312029?
2
What is the thousands digit of 583059674?
9
What is the ten millions digit of 85679547?
8
What is the millions digit of 2205104858?
5
What is the ten millions digit of 1179321135?
7
What is the hundred thousands digit of 53653272?
6
What is the thousands digit of 43251543?
1
What is the hundreds digit of 14380342?
3
What is the ten thousands digit of 385610388?
1
What is the hundred thousands digit of 1357375414?
3
What is the hundred thousands digit of 1208213462?
2
What is the units digit of 9501976?
6
What is the ten thousands digit of 176934943?
3
What is the tens digit of 1391594793?
9
What is the ten millions digit of 230199768?
3
What is the ten millions digit of 2038226006?
3
What is the hundreds digit of 3116383?
3
What is the ten thousands digit of 46720934?
2
What is the ten millions digit of 59378679?
5
What is the millions digit of 77195291?
7
What is the thousands digit of 7286738?
6
What is the hundred thousands digit of 139033292?
0
What is the millions digit of 132934024?
2
What is the ten millions digit of 118298289?
1
What is the tens digit of 750193785?
8
What is the ten thousands digit of 965839686?
3
What is the thousands digit of 82627814?
7
What is the hundred millions digit of 718278539?
7
What is the ten millions digit of 689840565?
8
What is the ten thousands digit of 1504947217?
4
What is the hundred thousands digit of 33610264?
6
What is the tens digit of 85288735?
3
What is the units digit of 48694544?
4
What is the thousands digit of 5278003?
8
What is the millions digit of 71679285?
1
What is the units digit of 346997089?
9
What is the units digit of 167045817?
7
What is the hundred thousands digit of 3182446174?
4
What is the ten thousands digit of 150181606?
8
What is the hundreds digit of 80654679?
6
What is the tens digit of 148045851?
5
What is the hundreds digit of 69912112?
1
What is the ten thousands digit of 11675581?
7
What is the hundred millions digit of 794032866?
7
What is the ten thousands digit of 922160187?
6
What is the millions digit of 1231381985?
1
What is the ten millions digit of 4490687066?
9
What is the thousands digit of 937815715?
5
What is the units digit of 814980382?
2
What is the hundred thousands digit of 4350760037?
7
What is the hundreds digit of 17460682?
6
What is the ten thousands digit of 4455992190?
9
What is the units digit of 95843378?
8
What is the ten millions digit of 1285503325?
8
What is the units digit of 520355625?
5
What is the hundreds digit of 6353598?
5
What is the hundred thousands digit of 34393687?
3
What is the thousands digit of 167189582?
9
What is the tens digit of 274429143?
4
What is the tens digit of 3447997?
9
What is the millions digit of 4868905332?
8
What is the hundred thousands digit of 210855748?
8
What is the thousands digit of 609369231?
9
What is the tens digit of 96409590?
9
What is the units digit of 342784291?
1
What is the hundreds digit of 35977694?
6
What is the millions digit of 48009625?
8
What is the hundreds digit of 106776595?
5
What is the thousands digit of 68984291?
4
What is the tens digit of 261836529?
2
What is the tens digit of 43235861?
6
What is the units digit of 65210191?
1
What is the millions digit of 595829352?
5
What is the hundred millions digit of 162013379?
1
What is the hundreds digit of 4794197?
1
What is the hundreds digit of 78978943?
9
What is the units digit of 392907442?
2
What is the hundreds digit of 46140982?
9
What is the hundred thousands digit of 8317630929?
6
What is the tens digit of 1298867764?
6
What is the tens digit of 1524065671?
7
What is the ten thousands digit of 644867840?
6
What is the ten thousands digit of 1738649013?
4
What is the units digit of 159704421?
1
What is the thousands digit of 363522680?
2
What is the units digit of 42421754?
4
What is the thousands digit of 23589014?
9
What is the units digit of 3218821109?
9
What is the units digit of 3142292983?
3
What is the ten thousands digit of 59940574?
4
What is the tens digit of 44026505?
0
What is the units digit of 822857437?
7
What is the thousands digit of 2532986377?
6
What is the thousands digit of 198985562?
5
What is the millions dig